 (-1 - -1) + 20 + u.
17
Suppose 2*x + i - 23 - 25 = 0, 5*x - 3*i = 109. Suppose 2*b = -15 + x. Suppose b = -y + 2*p + 12, 2*y - p = 19. What is the remainder when 59 is divided by y?
9
Let c(f) = 43*f**2 - 8*f + 9. What is the remainder when 8359 is divided by c(1)?
43
Let v(z) = z + 33. Suppose -x - 32 = -10*n + 8*n, -238 = -16*n - x. What is the remainder when v(14) is divided by n?
2
Let f(m) = 289*m + 1764. Calculate the remainder when 299 is divided by f(-6).
29
Let d(h) = 4*h**2 - 7*h + 3. Suppose s - 5 = -0*s. What is the remainder when d(s) is divided by (-7)/(((-6)/15)/(20/25))?
12
Suppose 573 = 6*c + 213. Suppose 63*k - c*k = 15. Suppose 35 = 7*g - 2*g. What is the remainder when g is divided by k?
2
Let n = -23 - -33. Let o(s) = 6*s + 69. Let z be o(4). Suppose 99*g - 708 = z*g. Calculate the remainder when g is divided by n.
8
Calculate the remainder when 21/18*2*(2 + 61) is divided by 10.
7
Suppose -20*z + 865 + 235 = 0. Suppose -2*x = -4*x. Suppose 4*y = -3*g + z, 42 = -x*y + 3*y + 2*g. What is the remainder when 93 is divided by y?
13
Let s = 1288 - 1266. Let c(d) = -16*d + d**3 + 6*d + 7*d**2 + 8 + 10*d. What is the remainder when s is divided by c(-7)?
6
Suppose 6 = 30*a - 24. Calculate the remainder when 17 is divided by a.
0
Let x(h) = 175*h - 530. Calculate the remainder when x(4) is divided by 50.
20
Let i be ((-252)/(-45))/((-5)/(-250)). Let z = 354 - i. Suppose x + 93 = 6*x + 3*p, -4 = p. Calculate the remainder when z is divided by x.
11
Let u = 14290 + -13401. Calculate the remainder when u is divided by 175.
14
Let v(h) = -40*h - 5. Let k be v(2). Calculate the remainder when 406 is divided by (-2)/((-8)/(-102) + 10/k).
49
Let y(d) = 3*d**2 + 67*d + 190. What is the remainder when 1179 is divided by y(-22)?
3
Suppose 5*i + 961 = u, 4*u + 58 = 2*i + 446. Let n = 236 + i. Calculate the remainder when 571 is divided by n.
43
Let z(p) = -p**3 + 2*p**2 + p - 27. Suppose -3*g + 4*t = 0, -5*g + 3*t = -3*g. Let u be z(g). What is the remainder when 1 + 0 + 0 - (u - 45) is divided by 19?
16
Suppose -50*v + 48*v = 464. Calculate the remainder when 98 is divided by 10*14/105 - v/6.
18
Suppose 1668 = 4*j - 4*y, -6*y + 9*y = -15. Let g = -340 + j. Calculate the remainder when g is divided by 39.
33
What is the remainder when 4443 is divided by 1752/(-72)*(-4 + 1)?
63
Suppose -51934 = -9*c - 8*c - 10794. What is the remainder when c is divided by 134?
8
Suppose 17*y - 5161 + 2509 = 0. Calculate the remainder when 1558 is divided by y.
154
Let y(b) = b**3 + 8*b**2 + 3*b - 4. Let h be 18/(-3) + 1 - 2/1. Let m = 144 + -99. Calculate the remainder when m is divided by y(h).
21
Let l(t) = -7*t + 14. Let y be l(-1). Suppose 0 = 3*r, 3*a - 3*r = -4*r + y. Calculate the remainder when 31 is divided by a.
3
Let p = -27494 + 41021. What is the remainder when p is divided by 165?
162
Suppose 0 = -4*s + 3*p + 315, 0 = s + 2*p - 11 - 54. Calculate the remainder when 3523 is divided by s.
73
Let v(u) = u**2 - 5*u - 3. Let w be v(6). Suppose -w - 1 = -2*a. What is the remainder when 1308/2289 - (-24)/7 is divided by a?
0
Let y = -450 + 680. Let t = y + 49. Let m = 521 - t. What is the remainder when m is divided by 35?
32
Let y = 2624 - 2589. Let a = 15 - -10. What is the remainder when y is divided by a?
10
Let p = 169 + -98. Let v = 91 - 55. Calculate the remainder when p is divided by v.
35
Let h(r) = -29*r - 55. Let l be h(-4). Suppose 5*s + 5*z + 16 = l, -s - 2*z = -10. Calculate the remainder when 85 is divided by s.
5
Suppose 0 = 9*n - 5*n - 4*v + 12, -2*n + 5*v - 9 = 0. Let d = 47 - n. Calculate the remainder when d is divided by 23.
3
Suppose 0 = 3*z + 6*l - 3*l - 20778, 5*z - 34633 = -2*l. What is the remainder when z is divided by 99?
96
Let r(a) = a**3 - 12*a**2 + a - 20. Let p be r(12). Let m be 4*4/p + 4. Suppose m*s + 26 + 5 = 5*o, -o + 1 = -3*s. What is the remainder when o is divided by 2?
1
Let c = 17287 + -16863. What is the remainder when c is divided by 400?
24
Let i(p) = -21*p + 198. What is the remainder when i(2) is divided by 44?
24
Let u = -1673 - -1683. What is the remainder when u is divided by 4?
2
Suppose -10*j + 15*j - 193401 = -24*j. What is the remainder when j is divided by 24?
21
Suppose -387*s + 388*s = 3*f + 1093, -4*s + 3*f = -4309. What is the remainder when s is divided by 32?
16
Let a(n) = 10*n**3 - 68*n**2 - 4*n - 6. Calculate the remainder when 160 is divided by a(7).
32
Let m be 10 + 3*(-5)/3 - 0. Suppose 2*z - 15 = -z. What is the remainder when 16/(-14)*((-4)/2 - m) is divided by z?
3
Let p = 257 - 260. Calculate the remainder when (-6377)/(-49) + (p + 1)/14 is divided by 66.
64
Let o = -6200 - -6229. Calculate the remainder when 1940 is divided by o.
26
Calculate the remainder when (12/10)/((-7)/(-1344))*170/51 is divided by 254.
6
Suppose -4*w + 4*f = -11516, -2416 - 3328 = -2*w - 5*f. Calculate the remainder when w is divided by 76.
65
Let v = 11 - -15. Let z = -26 + v. Suppose s - 3*s - 2*u + 18 = 0, -5*s - 4*u + 50 = z. What is the remainder when s is divided by 5?
4
Let q = 7 - -35. Let c = -538 - -768. Let p = c + -107. Calculate the remainder when p is divided by q.
39
Suppose -x - 3*p = -3, x - 4*p = -x + 36. Let d(i) = 7*i - 177. What is the remainder when d(30) is divided by x?
9
Let h(l) = l**2 + 9*l + 30. Let v = -152 - -145. What is the remainder when 63 is divided by h(v)?
15
Suppose -4*v = 5*i - 4197, 2*i - 3*v - 2318 = -630. What is the remainder when i is divided by 18?
13
Suppose 0 = 5*g - 3 - 1002. Suppose 10*y + 9*y - 876 = 7*y. What is the remainder when g is divided by y?
55
Suppose 194*i = 245*i - 35394. Calculate the remainder when i is divided by 101.
88
Let u(y) = 85*y**2 + 369*y + 2516. What is the remainder when u(-7) is divided by 38?
32
Suppose -5*g = -r + 2974 + 2738, -4*g = -5*r + 28497. Calculate the remainder when r is divided by 60.
57
Calculate the remainder when 517 is divided by ((-70)/95)/(-7) - 205/19*-10.
85
Let s(y) = 3*y**2 - 6*y - 367. Let o be s(39). Let d(i) = -i**2 + 7*i - 3. Let c be d(5). Calculate the remainder when 115 is divided by o/98 + (-3)/c.
35
Suppose 2*p = o - 45, 0 = -122*o + 117*o - p + 214. Calculate the remainder when 255 + 0 + (-2)/(-2) is divided by o.
41
Let h be ((-4)/6)/(1/5664). Let j be (-4)/(-14) + h/(-14). Suppose 11*b - j = b. What is the remainder when 101 is divided by b?
20
Suppose -18*l - 10 = -23*l. Suppose -112 = -4*q - 2*v, -3*q + 4*v = l*q - 127. Calculate the remainder when 238 is divided by q.
22
Suppose 10*g = 80 + 120. Suppose 5*i = -g, 2*b + 5*i + 8 = i. Let q(v) = -v**3 + 4*v**2 - v - 3. Calculate the remainder when b is divided by q(3).
1
Let y(o) = 2*o**2 + 25*o + 82. Calculate the remainder when y(-21) is divided by (-496)/(-62) + -1 + 48.
54
What is the remainder when 50 - (3 - 4/2) is divided by (((-8)/14)/((-10)/175))/(10/5)?
4
Suppose 9*s - 22*s + 267 = 76*s. Let w(t) = -5*t**2 - t - 1. Let f be w(-1). Calculate the remainder when (-12 - 0)*f/4 is divided by s.
0
Suppose 329 = 4*n - 47. Let a = -825 + 763. Let f = n + a. Calculate the remainder when 124 is divided by f.
28
Let j = 1376 - 1337. What is the remainder when 2226 is divided by j?
3
Let p(k) = 2*k**2 + 21*k - 13. Let w be p(-9). Let y = 52 + w. What is the remainder when (-39)/y*8/(-2) is divided by 5?
3
Suppose -8 = 6*w + 292. What is the remainder when 79 is divided by w/(-15)*9 - 5?
4
Let u(m) = -21*m + 51. Let o(l) = 18*l - 52. Let p(r) = -6*o(r) - 5*u(r). Calculate the remainder when (-1 + -8)*1/(-1) is divided by p(17).
3
Suppose 42 = 5*v + 12. Suppose -3*p = v*p. Suppose p = -11*m + 15*m - 320. Calculate the remainder when m is divided by 14.
10
Suppose 0 = -4*b + 3*g + 43, -3*b - 2*g = 9 - 54. Let a = b - 3. What is the remainder when 35 is divided by a?
5
Let l(k) = 3*k**2 - 4*k - 1. Let h be l(2). Suppose -h*w + 5*a = -160, 25 = -a - 4*a. Calculate the remainder when w is divided by 8.
5
What is the remainder when 19305/18 + (-16)/(-32) is divided by 52?
33
Let c(g) = -4*g**2 + 126*g - 169. Calculate the remainder when c(24) is divided by 35.
26
Let s be 1*5 - (-5 + 8). What is the remainder when 44 is divided by 20/(-3)*(3/6 - s)?
4
Let a be 34/3*48/8. Suppose -a*d = -74*d + 108. What is the remainder when 50 is divided by d?
14
Su